 14.
46
-8 (base 15) to base 4
-20
Convert -5 (base 9) to base 12.
-5
12 (base 4) to base 13
6
What is 3 (base 7) in base 10?
3
5 (base 15) to base 14
5
What is -111 (base 2) in base 8?
-7
Convert 313 (base 5) to base 11.
76
Convert 0 (base 4) to base 13.
0
What is -14 (base 14) in base 5?
-33
Convert -11 (base 2) to base 3.
-10
-1 (base 12) to base 16
-1
-6 (base 12) to base 2
-110
Convert 8 (base 14) to base 13.
8
Convert 32 (base 10) to base 12.
28
13 (base 10) to base 14
d
Convert -40 (base 12) to base 7.
-66
What is -3 (base 13) in base 16?
-3
What is -42 (base 8) in base 7?
-46
Convert -20 (base 3) to base 15.
-6
What is -35 (base 10) in base 5?
-120
33 (base 6) to base 16
15
Convert 41 (base 9) to base 16.
25
Convert 2112 (base 3) to base 16.
44
Convert -503 (base 6) to base 11.
-157
-15 (base 10) to base 9
-16
Convert -12 (base 5) to base 2.
-111
Convert -29 (base 12) to base 14.
-25
Convert -10 (base 2) to base 16.
-2
Convert 6 (base 12) to base 15.
6
3 (base 11) to base 10
3
Convert -3 (base 16) to base 15.
-3
-7 (base 10) to base 5
-12
3 (base 16) to base 12
3
188 (base 10) to base 8
274
What is -3d (base 14) in base 4?
-313
42 (base 15) to base 16
3e
2 (base 8) to base 16
2
4 (base 15) to base 13
4
Convert -5 (base 13) to base 10.
-5
Convert -1 (base 16) to base 4.
-1
What is -125 (base 6) in base 5?
-203
Convert -3 (base 9) to base 4.
-3
Convert 0 (base 10) to base 3.
0
What is -10100001 (base 2) in base 7?
-320
-17 (base 10) to base 11
-16
-10 (base 6) to base 10
-6
What is 49 (base 11) in base 4?
311
What is -39 (base 13) in base 11?
-44
Convert 124 (base 5) to base 15.
29
What is 2 (base 14) in base 9?
2
-2 (base 16) to base 14
-2
Convert 6 (base 14) to base 3.
20
Convert 12 (base 3) to base 2.
101
What is 0 (base 2) in base 5?
0
What is -1 (base 5) in base 9?
-1
What is -4f (base 16) in base 15?
-54
30 (base 7) to base 14
17
213 (base 7) to base 2
1101100
Convert -1120 (base 4) to base 9.
-107
What is 21 (base 6) in base 11?
12
What is 11 (base 14) in base 15?
10
Convert -165 (base 12) to base 16.
-dd
29 (base 11) to base 3
1011
Convert 83 (base 15) to base 8.
173
What is 5 (base 16) in base 13?
5
Convert 1 (base 6) to base 15.
1
Convert -110 (base 2) to base 16.
-6
What is -7 (base 14) in base 2?
-111
Convert 1 (base 6) to base 13.
1
Convert 2 (base 14) to base 2.
10
Convert 106 (base 8) to base 6.
154
Convert 31 (base 6) to base 10.
19
What is -6 (base 8) in base 10?
-6
What is -3 (base 12) in base 7?
-3
What is 1a (base 14) in base 7?
33
What is -2 (base 14) in base 13?
-2
-1 (base 7) to base 8
-1
What is 2 (base 10) in base 4?
2
Convert 7 (base 8) to base 12.
7
Convert -11 (base 7) to base 6.
-12
What is -11 (base 3) in base 6?
-4
What is 2 (base 7) in base 10?
2
What is 21 (base 6) in base 3?
111
What is 3 (base 13) in base 7?
3
Convert 2 (base 4) to base 5.
2
Convert 8 (base 10) to base 16.
8
What is 8a (base 15) in base 6?
334
What is 1 (base 8) in base 6?
1
Convert 5 (base 13) to base 11.
5
What is b (base 14) in base 8?
13
-44 (base 13) to base 10
-56
What is 5 (base 13) in base 7?
5
0 (base 15) to base 2
0
Convert 1 (base 7) to base 6.
1
What is -22 (base 3) in base 16?
-8
What is 4 (base 14) in base 12?
4
Convert 1 (base 10) to base 4.
1
Convert 0 (base 11) to base 16.
0
1000000 (base 2) to base 12
54
What is 5 (base 16) in base 11?
5
Convert -11 (base 3) to base 14.
-4
Convert 122 (base 10) to base 16.
7a
Convert 413 (base 5) to base 4.
1230
Convert 10 (base 2) to base 9.
2
What is 4 (base 9) in base 4?
10
-4 (base 7) to base 9
-4
What is 1 (base 3) in base 16?
1
Convert -2 (base 15) to base 8.
-2
-7 (base 9) to base 5
-12
What is 3 (base 14) in base 3?
10
What is 1002 (base 3) in base 5?
104
9 (base 10) to base 8
11
Convert 102 (base 11) to base 2.
1111011
What is -2 (base 3) in base 9?
-2
Convert 223 (base 8) to base 5.
1042
3a (base 13) to base 3
1211
-1 (base 2) to base 4
-1
Convert -20 (base 13) to base 3.
-222
Convert -2 (base 8) to base 14.
-2
What is 5 (base 15) in base 9?
5
26 (base 13) to base 14
24
What is 2 (base 6) in base 3?
2
43 (base 8) to base 14
27
Convert -21 (base 13) to base 14.
-1d
2 (base 12) to base 13
2
What is 23 (base 9) in base 5?
41
Convert 5 (base 7) to base 15.
5
2 (base 13) to base 9
2
What is -22 (base 11) in base 10?
-24
What is -330 (base 4) in base 7?
-114
10110001 (base 2) to base 4
2301
Convert 0 (base 7) to base 10.
0
1 (base 16) to base 4
1
-1101 (base 5) to base 2
-10010111
-12 (base 8) to base 10
-10
-3 (base 7) to base 14
-3
4 (base 16) to base 8
4
What is -3 (base 4) in base 3?
-10
-24 (base 9) to base 14
-18
Convert -10000 (base 2) to base 12.
-14
Convert 116 (base 9) to base 2.
1100000
Convert -102 (base 6) to base 7.
-53
3 (base 10) to base 15
3
Convert 5 (base 16) to base 8.
5
-3 (base 12) to base 13
-3
Convert 17 (base 13) to base 10.
20
Convert -3 (base 11) to base 9.
-3
-2c (base 16) to base 2
-101100
35 (base 7) to base 6
42
-7 (base 15) to base 2
-111
110 (base 2) to base 16
6
Convert 101 (base 2) to base 5.
10
-24 (base 5) to base 2
-1110
42 (base 5) to base 7
31
8 (base 16) to base 12
8
Convert -23 (base 7) to base 16.
-11
Convert 4 (base 12) to base 13.
4
Convert -4 (base 6) to base 2.
-100
-10 (base 7) to base 15
-7
What is -110 (base 4) in base 9?
-22
What is -27 (base 12) in base 2?
-11111
What is a (base 14) in base 2?
1010
77 (base 16) to base 15
7e
116 (base 9) to base 8
140
Convert 65 (base 14) to base 9.
108
What is 4 (base 11) in base 9?
4
What is 162 (base 9) in base 10?
137
Convert -24 (base 14) to base 5.
-112
What is -b2 (base 16) in base 7?
-343
-111 (base 2) to base 13
-7
Convert -51 (base 11) to base 10.
-56
Convert 3 (base 4) to base 8.
3
What is -64 (base 7) in base 2?
-101110
6 (base 8) to base 3
20
What is -1 (base 13) in base 2?
-1
Convert 20 (base 5) to base 11.
a
Convert c6 (base 14) to base 3.
20110
0 (base 13) to base 11
0
What is 8 (base 14) in base 15?
8
0 (base 13) to base 7
0
What is 2123 (base 4) in base 2?
10011011
What is 16b (base 12) in base 14?
123
-4 (base 8) to base 7
-4
What is 4 (base 14) in base 15?
4
What is -24 (base 12) in base 9?
-31
What is 50 (base 7) in base 10?
35
Convert -3 (base 4) to base 12.
-3
What is 1100 (base 3) in base 14?
28
Convert -41 (base 5) to base 9.
-23
2 (base 13) to base 3
2
What is 0 (base 14) in base 8?
0
What is -11 (base 3) in base 11?
-4
Convert 13 (base 12) to base 8.
17
-1243 (base 6) to base 2
-100111011
What is -454 (base 7) in base 15?
-10a
What is -4 (base 8) in base 16?
-4
What is -26 (base 7) in base 2?
-10100
Convert -20 (base 3) to base 5.
-11
3 (base 11) to base 15
3
3 (base 6) to base 10
3
Convert 13 (base 16) to base 11.
18
d3 (base 15) to base 9
240
-b (base 13) to base 5
-21
4 (base 15) to base 6
4
Convert 5 (base 11) to base 2.
101
-2a (base 12) to base 2
-100010
What is -3 (base 7) in base 6?
-3
What is -1 (base 15) in base 7?
-1
-1 (base 9) to base 14
-1
What is 35 (base 10) in base 9?
38
Convert -1 (base 9) to base 15.
-1
Convert 16 (base 10) to base 3.
121
-9 (base 13) to base 10
-9
-2 (base 9) to base 5
-2
47 (base 15) to base 16
43
What is -11 (base 14) in base 12?
-13
What is 10 (base 5) in base 9?
5
Convert -406 (base 9) to base 12.
-236
What is 121 (base 6) in base 10?
49
What is 0 (base 16) in base 2?
0
-51 (base 6) to base 10
-31
What is -2e (base 15) in base 11?
-40
Convert 12 (base 5) to base 9.
7
What is db (base 16) in base 10?
219
2 (base 12) to base 4
2
What is 69 (base 16) in base 5?
410
-33 (base 13) to base 3
-1120
What is 92 (base 14) in base 15?
88
Convert 2 (base 13) to base 15.
2
What is 0 (base 6) in base 14?
0
Convert -fa (base 16) to base 3.
-100021
Convert -3 (base 9) to base 8.
-3
What is 2 (base 4) in base 15?
2
What is -6 (base 10) in base 5?
-11
10111 (base 2) to base 14
19
What is 7 (base 10) in base 2?
111
-2 (base 11) to base 4
-2
-21 (base 10) to base 3
-210
-1220 (base 4) to base 6
-252
Convert 5 (base 12) to base 16.
5
101 (base 4) to base 3
122
Convert -a (base 13) to base 15.
-a
What is -300 (base 5) in base 11?
-69
-6a (base 13) to base 16
-58
-63 (base 7) to base 6
-113
What is 8 (base 11) in base 2?
1000
What is 5 (base 8) in base 11?
5
What is 14 (base 7) in base 9?
12
What is 0 (base 2) in base 7?
0
Convert -119 (base 14) to